et s(t) = 2*t**2 + 183*t - 1390. Give s(7).
-11
Let w(k) = 86*k + 708. What is w(-6)?
192
Let g(l) = -l**3 + 77*l**2 - 147*l - 217. What is g(75)?
8
Let l(i) = i**3 + 6*i**2 - 62*i + 7. What is l(-11)?
84
Let v(i) = -i**3 + 15*i**2 + 39*i - 116. Calculate v(-4).
32
Let g(h) = -h**3 + 110*h**2 - 206*h - 1074. What is g(108)?
6
Let m(z) = -766*z - 1206. Calculate m(-2).
326
Let o(c) = -18*c - 889. Give o(-57).
137
Let v(l) = l**3 - 12*l**2 - 192. Determine v(13).
-23
Let r(a) = -a**2 + 51*a - 620. Give r(15).
-80
Let a(k) = -25*k**2 - 3*k + 2. Give a(1).
-26
Let z(s) = 19*s**3 - 15*s**2 + 61*s + 76. Determine z(-1).
-19
Let v(l) = -4*l**2 + 150*l + 9. Determine v(41).
-565
Let f(y) = y**3 + 29*y**2 - y + 45. Determine f(-29).
74
Let x(d) = -d**3 + 30*d**2 - 81*d - 32. Give x(27).
-32
Let r(w) = 19*w**2 - 2*w - 32. Give r(4).
264
Let b(p) = 14*p**2 - 29*p + 13. Calculate b(0).
13
Let t(x) = x**3 - 4*x**2 + 6*x + 12. What is t(2)?
16
Let y(f) = 6*f - 671. Determine y(106).
-35
Let p(l) = -3*l**2 + 33*l + 29. Determine p(15).
-151
Let u(i) = -i**2 + 121*i - 581. Determine u(5).
-1
Let f(j) = 184*j + 345. Determine f(-3).
-207
Let x(r) = r**2 - 8*r - 58. What is x(13)?
7
Let r(h) = 91*h + 1174. What is r(-13)?
-9
Let t(j) = 5*j**2 - 12*j - 395. What is t(-10)?
225
Let m(d) = -14*d - 45. Give m(-1).
-31
Let f(j) = -4*j**2 + 575*j + 147. What is f(144)?
3
Let g(j) = j**2 + 50*j + 568. Calculate g(-22).
-48
Let a(q) = q**3 - 6*q - 11. Determine a(6).
169
Let x(y) = 72*y - 352. Determine x(5).
8
Let w(j) = 640*j + 3834. What is w(-6)?
-6
Let i(o) = -o**3 + 19*o**2 + 15*o - 380. Determine i(19).
-95
Let j(r) = 5*r**2 - 229*r - 2480. Determine j(55).
50
Let o(y) = 8*y**2 + 202*y - 1. Determine o(-25).
-51
Let o(r) = r**3 + 60*r**2 - 242*r - 48. Determine o(4).
8
Let z(t) = -2*t**2 + 80*t - 168. Give z(39).
-90
Let l(m) = -m**3 - 5*m**2 + 6*m - 3. Calculate l(2).
-19
Let m(a) = a**2 + 44*a - 323. Give m(-50).
-23
Let k(d) = -6*d**2 + 32*d - 70. Give k(0).
-70
Let p(r) = 2*r**3 + 594*r**2 - 26961*r - 339. Determine p(-337).
-2
Let x(o) = -33*o - 122. What is x(-25)?
703
Let q(l) = l**2 + 6*l - 142. Determine q(7).
-51
Let u(k) = -387*k + 5810. Give u(15).
5
Let j(q) = 4*q**3 - 10*q**2 - 3*q + 19. Give j(3).
28
Let i(m) = -98*m - 4414. Give i(-45).
-4
Let k(d) = -484*d - 2432. Give k(-5).
-12
Let m(u) = u**3 + 2*u**2 - 38*u - 95. Determine m(-3).
10
Let l(v) = v**3 + 2*v**2 - 23*v - 39. Determine l(-5).
1
Let t(o) = o**3 - 6*o**2 - 68*o - 66. Calculate t(12).
-18
Let x(j) = -158*j - 782. Determine x(-5).
8
Let h(n) = -24512*n + 147077. Determine h(6).
5
Let j(o) = -40*o + 537. What is j(13)?
17
Let b(h) = -201*h + 31767. Determine b(158).
9
Let w(o) = -27*o + 166. Give w(7).
-23
Let f(v) = 312*v + 3137. Give f(-10).
17
Let q(h) = h**2 - 103*h + 844. Determine q(94).
-2
Let u(i) = i**3 + 7*i**2 - 27*i + 25. Determine u(5).
190
Let u(v) = 1262*v - 177940. Calculate u(141).
2
Let j(v) = v**3 - 23*v**2 - 257*v + 6287. What is j(21)?
8
Let l(m) = -38*m + 700. What is l(20)?
-60
Let z(q) = q**2 + 45*q + 387. Calculate z(-12).
-9
Let n(w) = -2*w**3 + 118*w**2 + 128*w - 437. Calculate n(60).
43
Let b(n) = -n**3 - 33*n**2 - 5*n - 162. Determine b(-33).
3
Let k(p) = p**2 - 54*p + 168. What is k(50)?
-32
Let q(c) = 3*c**2 - 11*c + 48. Calculate q(7).
118
Let a(o) = -o**2 - 12*o + 4584. Determine a(62).
-4
Let m(f) = -154*f - 2273. Give m(-15).
37
Let s(a) = 4*a**2 + 77*a + 71. What is s(-19)?
52
Let z(a) = -7*a**2 - 97*a + 28. What is z(-14)?
14
Let d(r) = 2*r - 34. What is d(26)?
18
Let r(u) = -45*u**3 + 3*u**2 - 4*u + 1. Determine r(1).
-45
Let v(t) = -86*t + 5551. Give v(65).
-39
Let j(s) = 43*s + 1860. Calculate j(-43).
11
Let p(i) = 3*i**2 - 49*i + 7. Determine p(9).
-191
Let r(m) = 9*m**2 - 9*m. Give r(-1).
18
Let f(v) = 13*v - 26. Calculate f(2).
0
Let j(g) = 9*g**2 - 326*g + 71. Calculate j(36).
-1
Let d(i) = 44*i - 562. Give d(11).
-78
Let y(l) = -724*l - 2158. Calculate y(-3).
14
Let d(r) = -6*r**2 - 81*r - 51. Calculate d(-13).
-12
Let h(n) = -7*n**2 - 2*n - 16. Give h(3).
-85
Let b(m) = -m**3 + 33*m**2 - 215*m - 11. Calculate b(9).
-2
Let j(k) = -9*k**2 + 80*k + 331. Calculate j(12).
-5
Let x(v) = -v**2 - 34*v - 255. Calculate x(-22).
9
Let r(b) = 24833*b + 24836. Give r(-1).
3
Let n(x) = x**2 + 25*x + 29. Give n(-25).
29
Let n(k) = k**3 + 54*k**2 - 413*k + 850. Give n(-61).
-4
Let f(x) = -8*x**2 + 161*x + 160. Determine f(-1).
-9
Let p(z) = -418*z**2 + 6*z - 4. Calculate p(1).
-416
Let c(y) = -y**2 + 57*y + 57. What is c(58)?
-1
Let t(x) = 45*x - 2249. Calculate t(50).
1
Let c(g) = -g**2 + 456*g - 15117. What is c(36)?
3
Let k(n) = n**3 - 95*n**2 + 535*n - 7. Calculate k(6).
-1
Let p(u) = -u**3 - 15*u**2 + 42*u + 938. Calculate p(-12).
2
Let u(b) = -b**2 + 13*b - 81. Determine u(8).
-41
Let f(h) = -6*h**2 - 4099*h - 4099. Determine f(-1).
-6
Let w(t) = -t**2 + 4*t + 9. What is w(-6)?
-51
Let r(b) = 5*b**2 + 192*b - 2027. Determine r(-47).
-6
Let d(w) = 11*w**2 - 2*w + 24. Give d(5).
289
Let s(l) = 79*l + 3234. Determine s(-41).
-5
Let t(j) = -90*j - 51. Calculate t(-4).
309
Let r(t) = -213*t - 38338. Give r(-180).
2
Let u(z) = 260*z - 1348. What is u(5)?
-48
Let d(i) = -61*i + 2251. What is d(37)?
-6
Let t(h) = -81*h + 1222. Calculate t(15).
7
Let d(p) = -p**3 + 4*p**2 + 10*p - 40. Give d(6).
-52
Let o(v) = 31*v + 387. Give o(-15).
-78
Let x(n) = -39*n + 751. Determine x(0).
751
Let v(t) = t**2 - 282*t + 16026. Calculate v(79).
-11
Let t(h) = 353*h - 1299. What is t(5)?
466
Let f(t) = 15*t - 123. What is f(8)?
-3
Let j(z) = 49*z**3 - 147*z**2 - 6. Determine j(3).
-6
Let l(j) = -j**2 - 17*j + 206. Give l(10).
-64
Let z(c) = 2*c**3 + 32*c**2 + 65*c + 12. Determine z(-2).
-6
Let m(s) = -602*s + 5284. Give m(9).
-134
Let w(p) = p**2 - 10*p - 145. Calculate w(11).
-134
Let w(l) = 38*l + 48. Give w(-9).
-294
Let n(j) = -13*j**2 + 720*j + 425. Calculate n(56).
-23
Let n(q) = 1035*q - 167663. What is n(162)?
7
Let o(v) = -247*v**2 - 3*v + 1. Give o(1).
-249
Let j(d) = d**2 - 476*d + 9123. Determine j(20).
3
Let z(f) = 2*f**2 - 11*f + 20. Calculate z(3).
5
Let c(y) = 674*y - 6037. Give c(9).
29
Let r(q) = q**3 + 28*q**2 - 199*q - 6868. What is r(-25)?
-18
Let h(k) = -117*k**3 - 1404*k**2 + 35*k + 416. What is h(-12)?
-4
Let l(z) = 2*z**3 + 85*z**2 + 38*z - 117. What is l(-42)?
51
Let j(a) = 3*a**3 - 282*a**2 + 7*a - 297. What is j(94)?
361
Let l(i) = -2*i + 2. Determine l(1).
0
Let n(g) = -4*g**3 + 21*g**2 + 22*g - 15. Determine n(6).
9
Let g(w) = -w**2 - 42*w - 43. Determine g(-1).
-2
Let o(g) = -91*g - 5937. Determine o(-65).
-22
Let n(u) = -4*u + 30. Calculate n(5).
10
Let v(u) = 24*u**2 + 275*u - 6. What is v(-11)?
-127
Let g(u) = -6*u**2 - 114*u - 849. Give g(-10).
-309
Let o(v) = v**2 + 6*v - 36. Calculate o(-12).
36
Let f(y) = 73*y + 6199. Determine f(-85).
-6
Let k(o) = -3*o**2 - 110*o + 41. What is k(0)?
41
Let u(b) = b - 13. Give u(46).
33
Let z(w) = -3*w**3 + 13*w**2 - w - 3. What is z(4)?
9
Let f(o) = 3*o**2 - 201*o - 1154. What is f(-6)?
160
Let v(u) = -u**3 + 25*u**2 + 83*u + 40. Calculate v(28).
12
Let j(y) = -22*y - 397. Calculate j(-29).
241
Let t(m) = -3*m**3 + 132*m**2 - 127*m - 108. Give t(43).
-22
Let g(r) = r**2 - 24*r + 139. What is g(18)?
31
Let f(s) = 33*s + 309. Calculate f(-16).
-219
Let x(u) = 111*u - 666. What is x(6)?
0
Let a(u) = u**2 - 23*u - 41. Calculate a(24).
-17
Let g(b) = b**3 - 20*b + 63. Determine g(3).
30
Let u(a) = a**3 - 26*a**2 - 19*a + 501. Give u(26).
7
Let y(q) = -q**3 - 38*q**2 - 42*q - 166. Determine y(-37).
19
Let b(m) = 133*m + 3370. Give b(-27).
-221
Let x(z) = -3*z**3 - 7*z**2 + 570*z + 18. Calculate x(-15).
18
Let x(r) = -r**3 + 92*r**2 + 381*r + 256. Give x(96).
-32
Let k(h) = 3*h**2 + 40*h + 60. Calculate k(-15).
135
Let o(u) = -23*u**3 + u**2 + 5*u - 5. Determine o(1).
-22
Let d(m) = -891*m + 2366. Give d(3).
-307
Let i(v) = v**2 - 157*v - 1013. Determine i(163).
-35
Let f(r) = 86*r - 408. Give f(5).
22
Let q(x) = 108*x - 8029. Give q(73).
-145
Let w(p) = -p**3 + 20*p**2 + 21*p - 89. Determine w(21).
-89
Let t(a) = -543*a - 23840. Calculate t(-44).
52
Let h(k) = -3*k**3 + 236*k**2 + 71*k + 636. Calculate h(79).
4
Let p(f) = 678*f - 2693. Determine p(4).
19
Let c(t) = -9*t + 59. What is c(5)?
14
Let b(d) 